42*i - 28635. What is d(34)?
-7
Let a(x) = -110*x - 847. Calculate a(-8).
33
Let d(g) = 2*g**2 + 66*g + 100. Determine d(0).
100
Let v(y) = y**2 - 157*y - 478. What is v(-3)?
2
Let c(k) = -183*k + 576. Determine c(5).
-339
Let j(z) = 3*z**3 - 13*z**2 - z + 32. Calculate j(3).
-7
Let o(x) = -32*x**2 - 221*x - 33. What is o(-7)?
-54
Let c(y) = 3*y**3 - 35*y**2 + 26*y - 42. Calculate c(11).
2
Let s(i) = -18*i**3 + 16*i**2 + 11*i - 37. What is s(4)?
-889
Let x(i) = -3*i**2 - 339*i - 7282. Give x(-29).
26
Let s(z) = -133*z - 2414. Calculate s(-18).
-20
Let v(q) = q**2 + 67*q + 1106. Give v(-39).
14
Let u(m) = 11*m**2 + 537*m - 99. Give u(-49).
-1
Let t(z) = z**3 + 77*z**2 + 554*z - 19. What is t(-8)?
-35
Let m(j) = -10*j - 99. Determine m(-9).
-9
Let x(s) = -2*s**3 - 207*s**2 + 101*s - 330. What is x(-104)?
-18
Let f(b) = -2*b**3 + 8*b**2 - 15*b + 20. Calculate f(6).
-214
Let f(l) = -10*l**2 - 510*l - 26. Determine f(-51).
-26
Let o(z) = -2*z**2 - 24*z - 45. Calculate o(-16).
-173
Let z(a) = a**3 + 52*a**2 - 472*a + 483. Give z(-60).
3
Let i(o) = -2*o**2 - 412*o - 120. Give i(0).
-120
Let z(g) = -2*g**2 + 10*g - 100. Give z(0).
-100
Let j(l) = l**3 - 12*l**2 - 47*l - 214. Determine j(17).
432
Let g(n) = -3*n**2 + 185*n - 638. Give g(58).
0
Let o(l) = -390*l + 1586. Give o(4).
26
Let r(b) = 18*b**2 - 804*b - 310. What is r(45)?
-40
Let v(z) = 365*z + 7650. Determine v(-21).
-15
Let a(c) = -c**3 + 3*c**2 + 28*c - 27. Determine a(6).
33
Let p(h) = 68*h - 816. Give p(12).
0
Let h(u) = -29*u - 134. Calculate h(-10).
156
Let c(z) = -z**3 - 19*z**2 - 38*z - 84. What is c(-17)?
-16
Let y(i) = 28*i**2 - 35*i + 194. Give y(5).
719
Let p(m) = -76*m + 115. Calculate p(7).
-417
Let n(a) = -8550*a - 17102. Give n(-2).
-2
Let s(z) = 168*z - 995. What is s(6)?
13
Let q(v) = -v**3 - 118*v**2 - 363*v - 2070. Determine q(-115).
0
Let m(c) = 26*c**2 - 11*c - 28. Give m(-4).
432
Let f(o) = o**2 - 63*o + 981. What is f(29)?
-5
Let l(o) = 2*o**3 - 44*o**2 - 15*o + 290. Determine l(22).
-40
Let q(d) = d**3 + 12*d**2 - 19*d - 437. What is q(-9)?
-23
Let h(d) = d**3 - 129*d - 6. Give h(0).
-6
Let k(a) = -12*a + 366. Determine k(39).
-102
Let s(y) = -y**3 + 33*y**2 - 26*y - 191. Determine s(32).
1
Let y(p) = -2*p**2 - 60*p + 733. Give y(11).
-169
Let l(m) = m**2 + 116*m + 2513. Calculate l(-87).
-10
Let b(f) = -2*f**3 - 13*f**2 + 21*f + 102. Give b(-7).
4
Let r(n) = -2*n**3 + 2*n**2 + 63*n - 161. Calculate r(-6).
-35
Let h(b) = -70*b - 668. Give h(-9).
-38
Let j(r) = 18*r**2 - 7*r - 13. What is j(-3)?
170
Let k(p) = 20*p + 79. Give k(-3).
19
Let c(s) = -4*s**2 - 82*s - 413. What is c(-8)?
-13
Let g(s) = -s**3 + 54*s**2 + 200*s - 1663. Give g(57).
-10
Let d(s) = -2*s**2 + 11*s + 5. Calculate d(9).
-58
Let c(m) = -4*m**2 - 32*m - 65. What is c(-3)?
-5
Let v(n) = 23*n - 53. What is v(9)?
154
Let v(m) = -185*m - 4061. What is v(-22)?
9
Let l(p) = 90*p - 286. Give l(4).
74
Let z(q) = -1272*q + 16531. Determine z(13).
-5
Let p(l) = -4*l**3 + 65*l**2 - 70*l + 854. Determine p(16).
-10
Let r(s) = 4*s**2 + 155*s + 433. Give r(-3).
4
Let c(d) = -10*d**2 - 59*d - 100. Determine c(-10).
-510
Let w(q) = q**3 - 65*q**2 + 313*q - 795. Determine w(60).
-15
Let p(g) = -g**3 + 12*g**2 - 60*g + 185. Give p(7).
10
Let p(w) = -3*w**3 - 39*w**2 - 123*w + 16. Give p(-6).
-2
Let s(a) = -33*a - 326. Determine s(-10).
4
Let f(y) = -2*y**2 - 110*y - 86. Determine f(-52).
226
Let v(f) = 32*f**2 + 46*f + 9. Calculate v(-4).
337
Let z(b) = -b**3 - 6*b**2 + 15*b + 56. What is z(-5)?
-44
Let m(z) = -z**3 - 138*z**2 - 42*z - 5951. Determine m(-138).
-155
Let l(s) = s**3 + 35*s**2 - 30*s + 246. Calculate l(-36).
30
Let v(d) = 2*d**2 - 73. Give v(-6).
-1
Let r(x) = x**2 - 30*x + 26. Give r(29).
-3
Let q(d) = 262*d**3 - 11*d + 11. Give q(1).
262
Let z(v) = -v - 54. Give z(-27).
-27
Let s(j) = j**2 - 17*j + 147. What is s(18)?
165
Let c(i) = i**3 - 110*i**2 + 118*i - 1089. Calculate c(109).
-108
Let k(z) = -z**2 + 34*z + 23. What is k(14)?
303
Let g(o) = -19*o + 2767. What is g(134)?
221
Let f(g) = -113*g + 308. Give f(3).
-31
Let q(n) = -4*n**2 - 1490*n - 3703. What is q(-370)?
-3
Let t(y) = 2*y**2 - 40*y + 165. Calculate t(5).
15
Let r(k) = k**2 + 135*k + 767. Give r(-6).
-7
Let z(a) = 6195*a - 30971. Determine z(5).
4
Let b(t) = 6839*t - 61580. Determine b(9).
-29
Let l(o) = -24*o + 2312. What is l(96)?
8
Let a(w) = 5*w + 111. What is a(-19)?
16
Let w(p) = -p**3 - 2*p**2 + p - 245. What is w(-7)?
-7
Let n(o) = o**3 + 17*o**2 - 15*o - 478. Determine n(-16).
18
Let t(j) = -38*j**3 - 6*j**2 - 13*j - 10. Calculate t(-3).
1001
Let u(t) = 6*t**2 - 131*t + 64. Give u(21).
-41
Let t(w) = 2*w**2 - 12*w - 133. What is t(-8)?
91
Let d(x) = 2*x**3 + 102*x**2 + 108*x + 407. Give d(-50).
7
Let z(o) = 4*o + 179. What is z(-12)?
131
Let g(o) = -4*o**3 - 17*o**2 + 19*o + 132. Give g(-5).
112
Let x(a) = -a**2 - 14*a + 29. Determine x(-29).
-406
Let i(m) = 57*m**2 + 3*m - 1. Give i(-1).
53
Let k(t) = 20*t - 111. Give k(7).
29
Let u(i) = -i**3 - 13*i**2 + 15*i + 48. Determine u(-15).
273
Let r(m) = m**2 - 13*m - 290. Give r(-11).
-26
Let v(j) = -36*j - 183. Calculate v(-6).
33
Let k(b) = -2*b**3 + 20*b**2 - 37*b + 117. Calculate k(8).
77
Let t(d) = 120*d + 915. Determine t(-18).
-1245
Let h(s) = -s**3 + 9*s**2 - 36*s + 74. Determine h(5).
-6
Let g(l) = 3*l**2 - 15*l - 451. Determine g(15).
-1
Let h(p) = -2*p**3 + 50*p**2 - 214*p + 77. Determine h(5).
7
Let y(w) = -5*w**2 + 4*w + 86. Determine y(5).
-19
Let i(r) = 178*r + 1411. Give i(-8).
-13
Let x(y) = -64*y - 55. Calculate x(-2).
73
Let a(w) = w**3 + 5*w**2 - 124*w - 610. Calculate a(-4).
-98
Let w(p) = 207*p - 4101. Give w(18).
-375
Let p(s) = -s**3 + 9*s**2 + 6*s - 10. Determine p(10).
-50
Let v(b) = -363*b**3 - 2*b**2 + 2*b - 1. Determine v(1).
-364
Let s(x) = -x**3 - 14*x**2 + 29*x + 198. What is s(-15)?
-12
Let j(u) = u**3 - 8*u**2 + 6*u + 13. Determine j(-2).
-39
Let n(q) = -q**2 - 10*q + 34. Give n(-14).
-22
Let c(x) = -126*x + 273. Determine c(2).
21
Let k(l) = l**2 - 56*l + 126. What is k(54)?
18
Let m(h) = h**3 - 6*h**2 - 38*h + 78. Determine m(13).
767
Let v(u) = -4*u**3 + 415*u**2 - 290*u - 1956. Calculate v(103).
1
Let c(o) = 75*o - 2235. Determine c(30).
15
Let k(a) = a**3 + 84*a**2 + 141*a - 1885. Determine k(-82).
1
Let u(z) = -z**3 + 10*z**2 - 14*z + 42. Calculate u(8).
58
Let g(a) = 2*a**2 + 854*a + 18571. Calculate g(-404).
-13
Let b(n) = -2*n**3 - 2*n**2 + 9*n + 21. What is b(-6)?
327
Let y(z) = -101*z - 3332. Determine y(-33).
1
Let k(b) = 23*b**2 - 257*b + 15. Determine k(11).
-29
Let s(m) = -9557*m + 19114. What is s(2)?
0
Let t(j) = 4072*j - 28502. Determine t(7).
2
Let d(n) = -n**2 + 53*n - 587. Determine d(16).
5
Let o(s) = -66*s + 1230. Give o(19).
-24
Let v(t) = 88*t + 448. Calculate v(-6).
-80
Let n(b) = -18*b**2 + 12*b + 37. Calculate n(-4).
-299
Let t(p) = p**2 - 197*p + 390. Give t(2).
0
Let d(s) = -s**3 + 24*s**2 - 42*s - 87. Determine d(22).
-43
Let r(l) = -l**2 - 21*l + 67. Calculate r(8).
-165
Let k(f) = -f**3 + 13*f**2 + 13*f - 187. Calculate k(15).
-442
Let y(t) = 2*t - 158. Give y(39).
-80
Let w(k) = 803*k - 10471. Give w(13).
-32
Let k(u) = 10*u**3 - 8*u**2 + 24*u - 4. What is k(4)?
604
Let v(m) = -4*m**2 - 43*m - 65. What is v(-8)?
23
Let b(w) = 28*w - 13. Give b(6).
155
Let l(k) = 295*k - 322. Calculate l(2).
268
Let z(c) = -c**3 - 30*c**2 - 221*c - 102. Give z(-11).
30
Let j(h) = h**3 + 117*h**2 - 734*h + 496. Determine j(-123).
4
Let k(z) = 7*z**2 - 463*z - 433. What is k(67)?
-31
Let f(n) = -12*n + 101. Give f(9).
-7
Let l(c) = c**2 + 106*c - 6799. Give l(-151).
-4
Let d(t) = -8*t + 121. What is d(-31)?
369
Let p(a) = -a**3 - 28*a**2 + 3*a - 38. Determine p(-28).
-122
Let v(u) = 4*u**2 - 48*u + 35. Determine v(11).
-9
Let i(l) = l**3 + 10*l**2 + l + 10. What is i(-10)?
0
Let z(n) = 164*n + 645. Calculate z(-4).
-11
Let p(b) = -b**3 + 42*b**2 - 120*b + 101. Determine p(39).
-16
Let z(m) = -m**3 - 149*m**2 + 1259*m + 479. What is z(-157)?
8
Let g(v) = 73*v - 3372. Determine g(46).
-14
Let z(w) = 5*w**3 - 6*w**2 - 19*w - 17. What is z(5)?
363
Let d(l) = -21*l - 199. What is d(0)?
-199
Let y(o) = -o**3 + 2*o**2 + 6*o - 14. What is y(-4)?
58
Let i(f) = -f + 31. What is i(31)?
0
Let m(t) = -2*t**3 - 38*t**2 - 58*t - 78. Give m(-18).